{"id":211,"date":"2014-10-30T17:53:29","date_gmt":"2014-10-30T19:53:29","guid":{"rendered":"http:\/\/www.daniela.pro.br\/site\/?page_id=211"},"modified":"2026-04-10T08:35:55","modified_gmt":"2026-04-10T11:35:55","slug":"direitos","status":"publish","type":"page","link":"https:\/\/www.secpf.com.br\/site\/direitos\/","title":{"rendered":"DIREITOS"},"content":{"rendered":"<h2><span style=\"color: #ff0000;\">Direitos<\/span><\/h2>\n<ul>\n<li>\n<h4>Pisos Salariais<\/h4>\n<\/li>\n<li>\n<h4>Conven\u00e7\u00f5es Coletivas<\/h4>\n<\/li>\n<li>\n<h4>Sal\u00e1rio Fam\u00edlia<\/h4>\n<\/li>\n<li>\n<h4>Quebra de Caixa<\/h4>\n<\/li>\n<li>\n<h4>Aux\u00edlio Creche<\/h4>\n<\/li>\n<li>\n<h4>Seguro Desemprego<\/h4>\n<\/li>\n<li>\n<h4>Desconto INSS<\/h4>\n<\/li>\n<li>\n<h4>Imposto de Renda<\/h4>\n<\/li>\n<li>\n<h4>Homologa\u00e7\u00f5es (demiss\u00e3o)<\/h4>\n<\/li>\n<\/ul>\n<p>&nbsp;<\/p>\n","protected":false},"excerpt":{"rendered":"<p>Direitos Pisos Salariais Conven\u00e7\u00f5es Coletivas Sal\u00e1rio Fam\u00edlia Quebra de Caixa Aux\u00edlio Creche Seguro Desemprego Desconto INSS Imposto de Renda Homologa\u00e7\u00f5es<\/p>\n","protected":false},"author":1,"featured_media":0,"parent":0,"menu_order":0,"comment_status":"closed","ping_status":"closed","template":"","meta":{"colormag_page_container_layout":"default_layout","colormag_page_sidebar_layout":"default_layout","footnotes":""},"class_list":["post-211","page","type-page","status-publish","hentry"],"_links":{"self":[{"href":"https:\/\/www.secpf.com.br\/site\/wp-json\/wp\/v2\/pages\/211","targetHints":{"allow":["GET"]}}],"collection":[{"href":"https:\/\/www.secpf.com.br\/site\/wp-json\/wp\/v2\/pages"}],"about":[{"href":"https:\/\/www.secpf.com.br\/site\/wp-json\/wp\/v2\/types\/page"}],"author":[{"embeddable":true,"href":"https:\/\/www.secpf.com.br\/site\/wp-json\/wp\/v2\/users\/1"}],"replies":[{"embeddable":true,"href":"https:\/\/www.secpf.com.br\/site\/wp-json\/wp\/v2\/comments?post=211"}],"version-history":[{"count":4,"href":"https:\/\/www.secpf.com.br\/site\/wp-json\/wp\/v2\/pages\/211\/revisions"}],"predecessor-version":[{"id":323,"href":"https:\/\/www.secpf.com.br\/site\/wp-json\/wp\/v2\/pages\/211\/revisions\/323"}],"wp:attachment":[{"href":"https:\/\/www.secpf.com.br\/site\/wp-json\/wp\/v2\/media?parent=211"}],"curies":[{"name":"wp","href":"https:\/\/api.w.org\/{rel}","templated":true}]}}