{"id":221,"date":"2014-10-30T17:55:19","date_gmt":"2014-10-30T19:55:19","guid":{"rendered":"http:\/\/www.daniela.pro.br\/site\/?page_id=221"},"modified":"2026-04-10T08:35:30","modified_gmt":"2026-04-10T11:35:30","slug":"pisos-salariais","status":"publish","type":"page","link":"https:\/\/www.secpf.com.br\/site\/direitos\/pisos-salariais\/","title":{"rendered":"Pisos salariais"},"content":{"rendered":"<h2><span style=\"color: #ff0000;\">Pisos salariais<\/span><\/h2>\n<p>&nbsp;<\/p>\n<h3><span style=\"color: #993300;\">PASSO FUNDO E REGI\u00c3O<\/span><\/h3>\n<p><strong>Com\u00e9rcio Varejista <\/strong>(em negocia\u00e7\u00e3o)<\/p>\n<ul>\n<li>Piso Geral:\u00a0<strong>R$ 1270,00<\/strong><\/li>\n<li>Office boy, limpeza: <strong>R$<\/strong> <strong>1.196,36<\/strong><\/li>\n<\/ul>\n<p><strong>Com\u00e9rcio Atacadista <\/strong>(em negocia\u00e7\u00e3o)<\/p>\n<ul>\n<li>Piso Geral:\u00a0<strong>R$ 1.155,00<\/strong><\/li>\n<li>Contratos de experi\u00eancia: <strong>R$ 1.048,00<\/strong><\/li>\n<li>Office boy, limpeza: <strong>R$<\/strong> <strong>987,00<\/strong><\/li>\n<\/ul>\n<p><strong>Com\u00e9rcio Atacadista &#8211; extens\u00e3o de base\u00a0 <\/strong>(em negocia\u00e7\u00e3o)<\/p>\n<ul>\n<li>Piso Geral:\u00a0<strong>R$ 1.155,00<\/strong><\/li>\n<li>Office boy, limpeza: <strong>R$<\/strong> <strong>987,00<\/strong><\/li>\n<\/ul>\n<p><strong>Farm\u00e1cia S\u00e3o Jo\u00e3o<\/strong><\/p>\n<ul>\n<li>Piso Geral:\u00a0<strong>R$ <\/strong><\/li>\n<li>Contratos de experi\u00eancia: <strong>R$ <\/strong><\/li>\n<li>Office boy, limpeza: <strong>R$<\/strong><\/li>\n<\/ul>\n<p><strong>Com\u00e9rcio Varejista de Farm\u00e1cias <\/strong>(em negocia\u00e7\u00e3o)<\/p>\n<ul>\n<li>Piso: <strong>R$ 1.210,00<\/strong><\/li>\n<li>Office boy, limpeza e contratos de experi\u00eancia: <strong>R$ 937,00<\/strong><\/li>\n<\/ul>\n<p><strong>Mercados <\/strong>(em negocia\u00e7\u00e3o)<\/p>\n<ul>\n<li>Piso:\u00a0<strong>R$ 1.230,00<\/strong><\/li>\n<li>Contratos de experi\u00eancia: <strong>R$ 1.160,00<\/strong><\/li>\n<li>Limpeza: <strong>R$ 1.160,00<\/strong><\/li>\n<li>Office boy, empacotador e menor aprendiz: <strong>R$ 937,00<\/strong><\/li>\n<\/ul>\n<p><strong>Mercados, extens\u00e3o de base.\u00a0 <\/strong>(em negocia\u00e7\u00e3o)<\/p>\n<ul>\n<li>Piso:\u00a0<strong>R$ 1.155,00<\/strong><\/li>\n<li>Limpeza e Office boy: <strong>R$ 987,00<\/strong><\/li>\n<li>Office boy, empacotador e menor aprendiz: <strong>R$ 902,00<\/strong><\/li>\n<\/ul>\n<p><strong>Com\u00e9rcio Atacadista de \u00e1lcool e bebidas <\/strong>(em negocia\u00e7\u00e3o)<\/p>\n<ul>\n<li>Piso Geral:\u00a0<strong>R$ 1.155,00<\/strong><\/li>\n<li>Contratos de experi\u00eancia: <strong>R$ 1.048,00<\/strong><\/li>\n<li>Office boy, limpeza: <strong>R$<\/strong> <strong>987,00<\/strong><\/li>\n<\/ul>\n<p><strong>Com\u00e9rcio Atacadista de \u00e1lcool e bebidas, extens\u00e3o da base <\/strong>(em negocia\u00e7\u00e3o)<\/p>\n<ul>\n<li>Piso Geral:\u00a0<strong>R$ 1.155,00<\/strong><\/li>\n<li>Office boy, limpeza: <strong>R$<\/strong> <strong>987,00 <\/strong><\/li>\n<\/ul>\n<h4><\/h4>\n","protected":false},"excerpt":{"rendered":"<p>Pisos salariais &nbsp; PASSO FUNDO E REGI\u00c3O Com\u00e9rcio Varejista (em negocia\u00e7\u00e3o) Piso Geral:\u00a0R$ 1270,00 Office boy, limpeza: R$ 1.196,36 Com\u00e9rcio<\/p>\n","protected":false},"author":1,"featured_media":0,"parent":211,"menu_order":0,"comment_status":"closed","ping_status":"closed","template":"","meta":{"colormag_page_container_layout":"default_layout","colormag_page_sidebar_layout":"default_layout","footnotes":""},"class_list":["post-221","page","type-page","status-publish","hentry"],"_links":{"self":[{"href":"https:\/\/www.secpf.com.br\/site\/wp-json\/wp\/v2\/pages\/221","targetHints":{"allow":["GET"]}}],"collection":[{"href":"https:\/\/www.secpf.com.br\/site\/wp-json\/wp\/v2\/pages"}],"about":[{"href":"https:\/\/www.secpf.com.br\/site\/wp-json\/wp\/v2\/types\/page"}],"author":[{"embeddable":true,"href":"https:\/\/www.secpf.com.br\/site\/wp-json\/wp\/v2\/users\/1"}],"replies":[{"embeddable":true,"href":"https:\/\/www.secpf.com.br\/site\/wp-json\/wp\/v2\/comments?post=221"}],"version-history":[{"count":6,"href":"https:\/\/www.secpf.com.br\/site\/wp-json\/wp\/v2\/pages\/221\/revisions"}],"predecessor-version":[{"id":2476,"href":"https:\/\/www.secpf.com.br\/site\/wp-json\/wp\/v2\/pages\/221\/revisions\/2476"}],"up":[{"embeddable":true,"href":"https:\/\/www.secpf.com.br\/site\/wp-json\/wp\/v2\/pages\/211"}],"wp:attachment":[{"href":"https:\/\/www.secpf.com.br\/site\/wp-json\/wp\/v2\/media?parent=221"}],"curies":[{"name":"wp","href":"https:\/\/api.w.org\/{rel}","templated":true}]}}