{"id":255,"date":"2014-10-30T18:58:52","date_gmt":"2014-10-30T20:58:52","guid":{"rendered":"http:\/\/www.daniela.pro.br\/site\/?page_id=255"},"modified":"2026-04-10T08:35:55","modified_gmt":"2026-04-10T11:35:55","slug":"assessoria-juridica","status":"publish","type":"page","link":"https:\/\/www.secpf.com.br\/site\/servicos-2\/assessoria-juridica\/","title":{"rendered":"Assessoria Jur\u00eddica"},"content":{"rendered":"<h2><span style=\"color: #ff0000;\">Assessoria Jur\u00eddica<\/span><\/h2>\n<p>O Departamento Jur\u00eddico do Sindicato dos Comerci\u00e1rios de Passo Fundo e Regi\u00e3o sempre esteve, ao longo do \u00faltimo per\u00edodo, ao lado da categoria comerci\u00e1ria, atuando na defesa irrestrita dos direitos dos trabalhadores e, em especial, da categoria comerci\u00e1ria de nossa base.<\/p>\n<p>Os advogados credenciados se encarregam de fortalecer na Justi\u00e7a a luta que o Sindicato vem travando nas empresas e na sociedade: ampliar os direitos dos trabalhadores e n\u00e3o aceitar a redu\u00e7\u00e3o e flexibiliza\u00e7\u00e3o de direitos em nenhuma hip\u00f3tese.<\/p>\n<p>Comerci\u00e1rio reivindique seus direitos. Se voc\u00ea teve Horas Extras impagas, comiss\u00f5es pagas sem registro na folha de pagamento, adicionais de insalubridade, noturno e de tempo de servi\u00e7o pago incorretamente, acidente de trabalho n\u00e3o registrado, v\u00edtima de ass\u00e9dio moral e\/ou outros direitos sonegados na contratualidade, procure orienta\u00e7\u00f5es no Sindicato ou junto ao Departamento Jur\u00eddico da entidade.<\/p>\n\n\n<hr class=\"wp-block-separator\"\/>\n\n\n\n<h4 class=\"has-vivid-red-color has-text-color wp-block-heading\">Advogada &nbsp;Credenciada<\/h4>\n\n\n\n<h3 class=\"wp-block-heading\">Dra. Ana Cristina Voloski<\/h3>\n\n\n\n<ul class=\"wp-block-list\"><li>Rua Morom 1731 &#8211; 4 andar &#8211; Centro<\/li><li>E-mail: anacrisvoloski@gmail.com<\/li><li>Fone: (54) 3311 1434<\/li><\/ul>\n\n\n","protected":false},"excerpt":{"rendered":"<p>Assessoria Jur\u00eddica O Departamento Jur\u00eddico do Sindicato dos Comerci\u00e1rios de Passo Fundo e Regi\u00e3o sempre esteve, ao longo do \u00faltimo<\/p>\n","protected":false},"author":1,"featured_media":0,"parent":166,"menu_order":1,"comment_status":"closed","ping_status":"closed","template":"","meta":{"colormag_page_container_layout":"default_layout","colormag_page_sidebar_layout":"default_layout","footnotes":""},"class_list":["post-255","page","type-page","status-publish","hentry"],"_links":{"self":[{"href":"https:\/\/www.secpf.com.br\/site\/wp-json\/wp\/v2\/pages\/255","targetHints":{"allow":["GET"]}}],"collection":[{"href":"https:\/\/www.secpf.com.br\/site\/wp-json\/wp\/v2\/pages"}],"about":[{"href":"https:\/\/www.secpf.com.br\/site\/wp-json\/wp\/v2\/types\/page"}],"author":[{"embeddable":true,"href":"https:\/\/www.secpf.com.br\/site\/wp-json\/wp\/v2\/users\/1"}],"replies":[{"embeddable":true,"href":"https:\/\/www.secpf.com.br\/site\/wp-json\/wp\/v2\/comments?post=255"}],"version-history":[{"count":10,"href":"https:\/\/www.secpf.com.br\/site\/wp-json\/wp\/v2\/pages\/255\/revisions"}],"predecessor-version":[{"id":3390,"href":"https:\/\/www.secpf.com.br\/site\/wp-json\/wp\/v2\/pages\/255\/revisions\/3390"}],"up":[{"embeddable":true,"href":"https:\/\/www.secpf.com.br\/site\/wp-json\/wp\/v2\/pages\/166"}],"wp:attachment":[{"href":"https:\/\/www.secpf.com.br\/site\/wp-json\/wp\/v2\/media?parent=255"}],"curies":[{"name":"wp","href":"https:\/\/api.w.org\/{rel}","templated":true}]}}