{"id":280,"date":"2014-12-18T02:26:08","date_gmt":"2014-12-18T04:26:08","guid":{"rendered":"http:\/\/www.daniela.pro.br\/site\/?page_id=280"},"modified":"2026-04-10T08:35:55","modified_gmt":"2026-04-10T11:35:55","slug":"um-pouco-da-nossa-historia","status":"publish","type":"page","link":"https:\/\/www.secpf.com.br\/site\/sindicato\/um-pouco-da-nossa-historia\/","title":{"rendered":"Um pouco da nossa hist\u00f3ria&#8230;"},"content":{"rendered":"<h2 id=\"conteudo\" class=\"bg-branco clearfix\"><span style=\"color: #ff0000;\">\u00a0Um pouco da nossa hist\u00f3ria&#8230;<\/span><\/h2>\n<div class=\"bg-branco clearfix\">\n<p>&nbsp;<\/p>\n<div class=\"textos\">\n<p><img fetchpriority=\"high\" decoding=\"async\" class=\"alignleft size-medium wp-image-139\" src=\"http:\/\/www.daniela.pro.br\/site\/wp-content\/uploads\/2014\/10\/historia-300x200.jpg\" alt=\"historia\" width=\"300\" height=\"200\" srcset=\"https:\/\/www.secpf.com.br\/site\/wp-content\/uploads\/2014\/10\/historia-300x200.jpg 300w, https:\/\/www.secpf.com.br\/site\/wp-content\/uploads\/2014\/10\/historia.jpg 315w\" sizes=\"(max-width: 300px) 100vw, 300px\" \/>Em 65 anos de exist\u00eancia, nossa entidade passou por v\u00e1rias experi\u00eancias e mudou muito, juntamente com a categoria, com o pa\u00eds, com o mundo. Se em sua funda\u00e7\u00e3o o sindicato cumpria uma fun\u00e7\u00e3o estritamente legal e formal, hoje ele \u00e9 a ferramenta mais consistente que os trabalhadores t\u00eam em suas m\u00e3os, na luta contra a explora\u00e7\u00e3o.<\/p>\n<p>A reviravolta em nosso sindicato n\u00e3o come\u00e7ou h\u00e1 muito tempo. Em 1984, no embalo das lutas que ocorriam em todo o pa\u00eds, contra o sindicalismo &#8220;pelego&#8221; e contra a ditadura, a oposi\u00e7\u00e3o vence as elei\u00e7\u00f5es e come\u00e7a a dar um novo rumo para a entidade. Desde ent\u00e3o, lutas econ\u00f4micas (campanhas salariais, contra o hor\u00e1rio livre&#8230;) e pol\u00edticas (nas v\u00e1rias mobiliza\u00e7\u00f5es para influenciar a conjuntura nacional), se deram muitas vezes. A categoria come\u00e7ou a aprender na pr\u00e1tica, que n\u00e3o h\u00e1 como melhorar a vida sem lutarmos unidos pelos nossos interesses. Come\u00e7amos a entender que os interesses dos patr\u00f5es e dos trabalhadores n\u00e3o podem ser conciliados.<\/p>\n<p>Em 1993, assumiu nossa primeira diretoria em forma colegiada e n\u00e3o mais presidencial. Isso faz com que acabe a hierarquia deliberativa entre os diretores e possibilita maior participa\u00e7\u00e3o de todas as secretarias, com seus respectivos coordenadores. Mas, como \u00e9 natural, todo avan\u00e7o gera novos desafios. O principal deles \u00e9 implementar na pr\u00e1tica o que formalmente j\u00e1 est\u00e1 garantido: a democracia em todas as inst\u00e2ncias de dire\u00e7\u00e3o.<\/p>\n<p>A diretoria colegiada \u00e9 em si um grande desafio, mas existem outros. Um deles \u00e9 a implanta\u00e7\u00e3o daquilo que \u00e9 a chave de um sindicalismo combativo: a organiza\u00e7\u00e3o por local de trabalho, em cada setor, em cada loja. Esta \u00e9 a \u00fanica forma de garantirmos que a base, que os trabalhadores sejam de fato os &#8220;donos&#8221; do sindicato. Isso depende da diretoria, mas fundamentalmente de cada comerci\u00e1rio.<\/p>\n<hr \/>\n<p>&nbsp;<\/p>\n<h3>Elei\u00e7\u00f5es de 1984 em Passo Fundo<\/h3>\n<p>&nbsp;<\/p>\n<h2>A vit\u00f3ria de uma nova proposta sindical<\/h2>\n<p>Um grupo de comerci\u00e1rios, descontentes com a postura do sindicato, profundamente atrelado aos interesses dos empres\u00e1rios, iniciou um trabalho de conscientiza\u00e7\u00e3o e organiza\u00e7\u00e3o da categoria. Come\u00e7aram com reuni\u00f5es sistem\u00e1ticas, depois, ampliando a discuss\u00e3o, promoveram encontros, cursos e reuni\u00f5es sobre direitos do trabalhador e sindicalismo.<\/p>\n<p><img decoding=\"async\" class=\"alignright size-full wp-image-281\" src=\"http:\/\/www.daniela.pro.br\/site\/wp-content\/uploads\/2014\/12\/historia_2.jpg\" alt=\"Nova diretoria eleita\" width=\"300\" height=\"190\" \/>Dirigentes do sindicato conversam com policiais que acompanham mobiliza\u00e7\u00e3o contra abertura do com\u00e9rcio aos finais de semana &#8211; 1990Inspirados pela a\u00e7\u00e3o da Juventude Oper\u00e1ria Cat\u00f3lica (JOC), que se utilizava do m\u00e9todo &#8220;ver, julgar e agir&#8221;, alguns comerci\u00e1rios definiram que j\u00e1 era hora de buscar uma a\u00e7\u00e3o mais concreta: formar uma oposi\u00e7\u00e3o para disputar a dire\u00e7\u00e3o do sindicato, ocupada h\u00e1 mais de vinte anos pelos mesmos membros, que se alternavam no poder. O grupo que j\u00e1 estava h\u00e1 22 anos na dire\u00e7\u00e3o do sindicato era candidato a mais um mandato e n\u00e3o tinha a inten\u00e7\u00e3o de disputar uma elei\u00e7\u00e3o, isso dificultou muito o acesso a informa\u00e7\u00f5es que ajudariam na elei\u00e7\u00e3o.<\/p>\n<h3>O mandado de seguran\u00e7a<\/h3>\n<p>Um cap\u00edtulo importante desta elei\u00e7\u00e3o foi a batalha judicial que envolveu a dire\u00e7\u00e3o do sindicato e Leonilda Teresinha Fernandes, da chapa de oposi\u00e7\u00e3o. Na reuni\u00e3o da dire\u00e7\u00e3o do sindicato, dia 31 de mar\u00e7o de 1984, presidida pela Sra. Maria Eliza de Almeida &#8211; candidata a reelei\u00e7\u00e3o &#8211; foi decidida pela elimina\u00e7\u00e3o de Leoninda do quadro de associados do sindicato. Esta elimina\u00e7\u00e3o do quadro de associados inviabilizaria que Leonilda disputasse a dire\u00e7\u00e3o do sindicato. Mais grave, a chapa de oposi\u00e7\u00e3o ficaria incompleta, o que seria motivo para a suspens\u00e3o do seu direito de concorrer.<\/p>\n<p>A chapa de oposi\u00e7\u00e3o entrou na justi\u00e7a. Os estatutos eram claros: antes de eliminar qualquer s\u00f3cio era necess\u00e1ria a pr\u00e9via notifica\u00e7\u00e3o para que, se ele desejasse, apresentar sua defesa no prazo de 10 dias. Isso n\u00e3o aconteceu. A justi\u00e7a concedeu um mandado de seguran\u00e7a que tornou nula a decis\u00e3o de expulsar a companheira Leonilda, reintegrando-a ao quadro de s\u00f3cios e confirmando as plenas condi\u00e7\u00f5es do grupo de oposi\u00e7\u00e3o prosseguir na disputa pela dire\u00e7\u00e3o do sindicato.<\/p>\n<h3>A tentativa de impugna\u00e7\u00e3o da chapa<\/h3>\n<p>Com a proximidade das elei\u00e7\u00f5es, a dire\u00e7\u00e3o do sindicato iniciou uma nova tentativa de abortar o processo eleitoral, entrando com pedido de impugna\u00e7\u00e3o da candidatura de v\u00e1rios membros da chapa de oposi\u00e7\u00e3o, junto \u00e0 Delegacia Regional do Trabalho. Estas impugna\u00e7\u00f5es acarretariam na cassa\u00e7\u00e3o do direito da chapa concorrer na elei\u00e7\u00e3o.<\/p>\n<p>Foram alegadas v\u00e1rias irregularidades, a maioria girando em torno do tempo de servi\u00e7o na categoria e das demiss\u00f5es que impediriam a perman\u00eancia no quadro de associados. A assessoria jur\u00eddica da Delegacia Regional do Trabalho analisou o processo e considerou infundadas as acusa\u00e7\u00f5es. Com isso, mais uma vez, a chapa de oposi\u00e7\u00e3o garantiu o direito de disputar as elei\u00e7\u00f5es democraticamente.<\/p>\n<h3>A elei\u00e7\u00e3o<\/h3>\n<p>Depois de muita disputa, a elei\u00e7\u00e3o aconteceu nos dias 19 e 20 de julho de 1984. A tens\u00e3o era grande e a fiscaliza\u00e7\u00e3o extremamente necess\u00e1ria. O resultado das urnas anuncia uma virada:<\/p>\n<p>Chapa 1 (antiga diretoria): 274 votos &#8211; totalizando 44,2%<\/p>\n<p>Chapa 2 (oposi\u00e7\u00e3o): 346 votos &#8211; totalizando 55,8%<\/p>\n<p>Nulos: 3 votos<\/p>\n<p>Brancos: 5 votos<\/p>\n<p>Era necess\u00e1rio, por\u00e9m, maioria absoluta dos votos para a elei\u00e7\u00e3o da nova diretoria. Sendo assim, somente um segundo turno poderia definir o vencedor. O segundo turno das elei\u00e7\u00f5es foi marcado para o dia 26 de julho, exigindo apenas maioria simples para declarar o vencedor. Este era o momento derradeiro, a defini\u00e7\u00e3o entre o continu\u00edsmo e a mudan\u00e7a. Isso exigiu mobiliza\u00e7\u00e3o total do grupo de oposi\u00e7\u00e3o, com o apoio de v\u00e1rios setores e entidades populares de Passo Fundo.<\/p>\n<p>A mudan\u00e7a foi garantida pelas urnas. O resultado da elei\u00e7\u00e3o do dia 26 de julho reafirmou o desejo dos comerci\u00e1rios:<\/p>\n<p>Resultado da segunda vota\u00e7\u00e3o<\/p>\n<p>Chapa 1 (diretoria): 228 votos<\/p>\n<p>Chapa 2 (oposi\u00e7\u00e3o): 324 votos<\/p>\n<p>Nulos: 2 votos<\/p>\n<p>Brancos: 1 voto<\/p>\n<p>A antiga diretoria do sindicato n\u00e3o se conformou com o resultado da elei\u00e7\u00e3o e tentou novamente promover a impugna\u00e7\u00e3o do pleito, negando a op\u00e7\u00e3o que os comerci\u00e1rios fizeram atrav\u00e9s do voto. Finalmente, no dia 10 de setembro de 1984, a diretoria eleita para o sindicato assumiu suas fun\u00e7\u00f5es, tendo como presidente Paulo Rigo e como secret\u00e1ria Leonilda Fernandes. Estes dois membros da dire\u00e7\u00e3o, a partir da decis\u00e3o tomada na Assembl\u00e9ia Geral Extraordin\u00e1ria, de 19\/09\/1984, tiveram libera\u00e7\u00e3o exclusiva para o sindicato, com o respectivo afastamento tempor\u00e1rio das empresas em que trabalhavam.<\/p>\n<\/div>\n<\/div>\n","protected":false},"excerpt":{"rendered":"<p>\u00a0Um pouco da nossa hist\u00f3ria&#8230; &nbsp; Em 65 anos de exist\u00eancia, nossa entidade passou por v\u00e1rias experi\u00eancias e mudou muito,<\/p>\n","protected":false},"author":1,"featured_media":0,"parent":164,"menu_order":3,"comment_status":"closed","ping_status":"closed","template":"","meta":{"colormag_page_container_layout":"default_layout","colormag_page_sidebar_layout":"default_layout","footnotes":""},"class_list":["post-280","page","type-page","status-publish","hentry"],"_links":{"self":[{"href":"https:\/\/www.secpf.com.br\/site\/wp-json\/wp\/v2\/pages\/280","targetHints":{"allow":["GET"]}}],"collection":[{"href":"https:\/\/www.secpf.com.br\/site\/wp-json\/wp\/v2\/pages"}],"about":[{"href":"https:\/\/www.secpf.com.br\/site\/wp-json\/wp\/v2\/types\/page"}],"author":[{"embeddable":true,"href":"https:\/\/www.secpf.com.br\/site\/wp-json\/wp\/v2\/users\/1"}],"replies":[{"embeddable":true,"href":"https:\/\/www.secpf.com.br\/site\/wp-json\/wp\/v2\/comments?post=280"}],"version-history":[{"count":4,"href":"https:\/\/www.secpf.com.br\/site\/wp-json\/wp\/v2\/pages\/280\/revisions"}],"predecessor-version":[{"id":331,"href":"https:\/\/www.secpf.com.br\/site\/wp-json\/wp\/v2\/pages\/280\/revisions\/331"}],"up":[{"embeddable":true,"href":"https:\/\/www.secpf.com.br\/site\/wp-json\/wp\/v2\/pages\/164"}],"wp:attachment":[{"href":"https:\/\/www.secpf.com.br\/site\/wp-json\/wp\/v2\/media?parent=280"}],"curies":[{"name":"wp","href":"https:\/\/api.w.org\/{rel}","templated":true}]}}