{"id":345,"date":"2014-12-23T00:24:29","date_gmt":"2014-12-23T02:24:29","guid":{"rendered":"http:\/\/www.daniela.pro.br\/site\/?page_id=345"},"modified":"2026-04-10T08:35:55","modified_gmt":"2026-04-10T11:35:55","slug":"imposto-de-renda","status":"publish","type":"page","link":"https:\/\/www.secpf.com.br\/site\/direitos\/imposto-de-renda\/","title":{"rendered":"Imposto de Renda"},"content":{"rendered":"<h2><span style=\"color: #ff0000;\">Imposto de Renda<\/span><\/h2>\n<p>&nbsp;<\/p>\n<p>Os descontos do Imposto de Renda est\u00e3o previstos em tabelas que estipulam al\u00edquotas conforme a renda do contribuinte. Essas al\u00edquotas s\u00e3o impostas pelo Minist\u00e9rio da Fazenda. Confira a tabela do Imposto de Renda:<\/p>\n<p><b>Tabela Progressiva para c\u00e1lculo mensal do Imposto sobre a Renda da Pessoa F\u00edsica para o exerc\u00edcio de 2013, ano-calend\u00e1rio de 2012<\/b><\/p>\n<table class=\"table2 table3 table4 table5 table6\">\n<tbody>\n<tr>\n<th>Base de C\u00e1lculo (R$)<\/th>\n<th>Al\u00edquota (%)<\/th>\n<th>Parcela a Deduzir (R$)<\/th>\n<\/tr>\n<tr>\n<td>At\u00e9 1.637,11<\/td>\n<td>&#8211;<\/td>\n<td>&#8211;<\/td>\n<\/tr>\n<tr>\n<td>De 1.637,12 at\u00e9 2.453,50<\/td>\n<td>7,5<\/td>\n<td>122,78<\/td>\n<\/tr>\n<tr>\n<td>De 2.453,51 at\u00e9 3.271,38<\/td>\n<td>15<\/td>\n<td>306,80<\/td>\n<\/tr>\n<tr>\n<td>De 3.271,39 at\u00e9 4.087,65<\/td>\n<td>22,5<\/td>\n<td>552,15<\/td>\n<\/tr>\n<tr>\n<td>Acima de 4.087,65<\/td>\n<td>27,5<\/td>\n<td>756,53<\/td>\n<\/tr>\n<\/tbody>\n<\/table>\n<p>&nbsp;<\/p>\n<p><center><\/p>\n<p style=\"text-align: left;\"><b>Tabela Progressiva para c\u00e1lculo mensal do Imposto sobre a Renda da Pessoa F\u00edsica para o exerc\u00edcio de 2014, ano-calend\u00e1rio de 2013<\/b><\/p>\n<p><\/center><\/p>\n<table class=\"table2 table3 table4 table5 table6\">\n<tbody>\n<tr>\n<th>Base de C\u00e1lculo (R$)<\/th>\n<th>Al\u00edquota (%)<\/th>\n<th>Parcela a Deduzir (R$)<\/th>\n<\/tr>\n<tr>\n<td>At\u00e9 1.710,78<\/td>\n<td>&#8211;<\/td>\n<td>&#8211;<\/td>\n<\/tr>\n<tr>\n<td>De 1.710,79 at\u00e9 2.563,91<\/td>\n<td>7,5<\/td>\n<td>128,31<\/td>\n<\/tr>\n<tr>\n<td>De 2.563,92 at\u00e9 3.418,59<\/td>\n<td>15<\/td>\n<td>320,60<\/td>\n<\/tr>\n<tr>\n<td>De 3.418,60 at\u00e9 4.271,59<\/td>\n<td>22,5<\/td>\n<td>577,00<\/td>\n<\/tr>\n<tr>\n<td>Acima de 4.271,59<\/td>\n<td>27,5<\/td>\n<td>790,58<\/td>\n<\/tr>\n<\/tbody>\n<\/table>\n<p>&nbsp;<\/p>\n<p class=\"fonte\">Veja mais detalhes no site da <a href=\"http:\/\/www.receita.fazenda.gov.br\/\">Receita Federal<\/a>.<\/p>\n","protected":false},"excerpt":{"rendered":"<p>Imposto de Renda &nbsp; Os descontos do Imposto de Renda est\u00e3o previstos em tabelas que estipulam al\u00edquotas conforme a renda<\/p>\n","protected":false},"author":1,"featured_media":0,"parent":211,"menu_order":10,"comment_status":"closed","ping_status":"closed","template":"","meta":{"colormag_page_container_layout":"default_layout","colormag_page_sidebar_layout":"default_layout","footnotes":""},"class_list":["post-345","page","type-page","status-publish","hentry"],"_links":{"self":[{"href":"https:\/\/www.secpf.com.br\/site\/wp-json\/wp\/v2\/pages\/345","targetHints":{"allow":["GET"]}}],"collection":[{"href":"https:\/\/www.secpf.com.br\/site\/wp-json\/wp\/v2\/pages"}],"about":[{"href":"https:\/\/www.secpf.com.br\/site\/wp-json\/wp\/v2\/types\/page"}],"author":[{"embeddable":true,"href":"https:\/\/www.secpf.com.br\/site\/wp-json\/wp\/v2\/users\/1"}],"replies":[{"embeddable":true,"href":"https:\/\/www.secpf.com.br\/site\/wp-json\/wp\/v2\/comments?post=345"}],"version-history":[{"count":1,"href":"https:\/\/www.secpf.com.br\/site\/wp-json\/wp\/v2\/pages\/345\/revisions"}],"predecessor-version":[{"id":346,"href":"https:\/\/www.secpf.com.br\/site\/wp-json\/wp\/v2\/pages\/345\/revisions\/346"}],"up":[{"embeddable":true,"href":"https:\/\/www.secpf.com.br\/site\/wp-json\/wp\/v2\/pages\/211"}],"wp:attachment":[{"href":"https:\/\/www.secpf.com.br\/site\/wp-json\/wp\/v2\/media?parent=345"}],"curies":[{"name":"wp","href":"https:\/\/api.w.org\/{rel}","templated":true}]}}