{"id":351,"date":"2014-12-23T01:38:22","date_gmt":"2014-12-23T03:38:22","guid":{"rendered":"http:\/\/www.daniela.pro.br\/site\/?page_id=351"},"modified":"2026-04-10T08:35:30","modified_gmt":"2026-04-10T11:35:30","slug":"2010-2","status":"publish","type":"page","link":"https:\/\/www.secpf.com.br\/site\/direitos\/convencoes-coletivas\/2010-2\/","title":{"rendered":"Conven\u00e7\u00f5es Coletivas  2010"},"content":{"rendered":"<h2><\/h2>\n<h2>Conven\u00e7\u00f5es Coletivas<\/h2>\n<h3><span style=\"color: #993300;\">Vig\u00eancia no ano de 2010<\/span><\/h3>\n<p>&nbsp;<\/p>\n<table border=\"0\" width=\"890\" cellspacing=\"15\" cellpadding=\"8\">\n<tbody>\n<tr style=\"background-color: #a61717;\">\n<td style=\"width: 120px;\" width=\"139\"><span style=\"color: #ffffff;\"><strong>Instrumento<\/strong><\/span><\/td>\n<td style=\"width: 120px; text-align: center;\" width=\"179\"><span style=\"color: #ffffff;\"><strong>Vig\u00eancia<\/strong><\/span><\/td>\n<td style=\"width: 580px;\" width=\"348\"><span style=\"color: #ffffff;\"><strong>Empregador<\/strong><\/span><\/td>\n<\/tr>\n<tr>\n<td style=\"width: 120px; text-align: left;\" width=\"139\">Acordo Coletivo<\/td>\n<td style=\"width: 120px; text-align: center;\" width=\"179\">01\/04\/2009 &#8211; 31\/03\/2010<\/td>\n<td style=\"width: 580px; text-align: left;\" width=\"348\"><a href=\"http:\/\/www.secpf.com.br\/convencoes\/2010\/010409a310310-companhia_zaffari-pf.pdf\" target=\"_blank\">COMPANHIA ZAFFARI<\/a><\/td>\n<\/tr>\n<tr>\n<td style=\"width: 120px; text-align: left;\" width=\"139\">Conven\u00e7\u00e3o Coletiva<\/td>\n<td style=\"width: 120px; text-align: center;\" width=\"179\">01\/04\/2010 &#8211; 31\/03\/2011<\/td>\n<td style=\"width: 580px; text-align: left;\" width=\"348\"><a href=\"http:\/\/www.secpf.com.br\/convencoes\/2010\/010410a310311-comercio_varejista.pdf\" target=\"_blank\">COMERCIO VAREJISTA<\/a><\/td>\n<\/tr>\n<tr>\n<td style=\"width: 120px; text-align: left;\" width=\"139\">Conven\u00e7\u00e3o Coletiva<\/td>\n<td style=\"width: 120px; text-align: center;\" width=\"179\">01\/04\/2009 &#8211; 31\/03\/2010<\/td>\n<td style=\"width: 580px; text-align: left;\" width=\"348\"><a href=\"http:\/\/www.secpf.com.br\/convencoes\/2010\/010409a310310-comercio_varejista_farmacias.pdf\" target=\"_blank\">COMERCIO VAREJISTA DE FARMACIAS<\/a><\/td>\n<\/tr>\n<tr>\n<td style=\"width: 120px; text-align: left;\" width=\"139\">Conven\u00e7\u00e3o Coletiva<\/td>\n<td style=\"width: 120px; text-align: center;\" width=\"179\">01\/04\/2010 &#8211; 31\/03\/2011<\/td>\n<td style=\"width: 580px; text-align: left;\" width=\"348\"><a href=\"http:\/\/www.secpf.com.br\/convencoes\/2010\/010410a310311-concessionarios_veiculos.pdf\" target=\"_blank\">CONCESSIONARIOS E DISTRIBUIDORES DE VEICULOS<\/a><\/td>\n<\/tr>\n<tr>\n<td style=\"width: 120px; text-align: left;\" width=\"139\">Conven\u00e7\u00e3o Coletiva<\/td>\n<td style=\"width: 120px; text-align: center;\" width=\"179\">01\/06\/2010 &#8211; 31\/05\/2011<\/td>\n<td style=\"width: 580px; text-align: left;\" width=\"348\"><a href=\"http:\/\/www.secpf.com.br\/convencoes\/2010\/010610a310511-comercio_varejista_veiculos_pecas-ext_base.pdf\" target=\"_blank\">COMERCIO VAREJISTA DE VEICULOS E PECAS &#8211; EXTENS\u00c3O DE BASE<\/a><\/td>\n<\/tr>\n<tr>\n<td style=\"width: 120px; text-align: left;\" width=\"139\">Acordo Coletivo<\/td>\n<td style=\"width: 120px; text-align: center;\" width=\"179\">01\/04\/2010 &#8211; 31\/03\/2011<\/td>\n<td style=\"width: 580px; text-align: left;\" width=\"348\"><a href=\"http:\/\/www.secpf.com.br\/convencoes\/2010\/010410a310311-companhia_zaffari-pf.pdf\" target=\"_blank\">COMPANHIA ZAFFARI<\/a><\/td>\n<\/tr>\n<tr>\n<td style=\"width: 120px; text-align: left;\" width=\"139\">Conven\u00e7\u00e3o Coletiva<\/td>\n<td style=\"width: 120px; text-align: center;\" width=\"179\">01\/03\/2010 &#8211; 28\/02\/2011<\/td>\n<td style=\"width: 580px; text-align: left;\" width=\"348\"><a href=\"http:\/\/www.secpf.com.br\/convencoes\/2010\/010310a280211-comercio_varejista_generos_alimenticios-ext_base.pdf\" target=\"_blank\">COMERCIO VAREJISTA DE GENEROS ALIMENTICIOS &#8211; EXTENS\u00c3O DE BASE<\/a><\/td>\n<\/tr>\n<tr>\n<td style=\"width: 120px; text-align: left;\" width=\"139\">Conven\u00e7\u00e3o Coletiva<\/td>\n<td style=\"width: 120px; text-align: center;\" width=\"179\">01\/03\/2010 &#8211; 28\/02\/2011<\/td>\n<td style=\"width: 580px; text-align: left;\" width=\"348\"><a href=\"http:\/\/www.secpf.com.br\/convencoes\/2010\/010310a280211-comercio_atacadista_alimentos_bebidas-ext_base.pdf\" target=\"_blank\">COMERCIO ATACADISTA DE ALIMENTOS E BEBIDAS &#8211; EXTENS\u00c3O DE BASE<\/a><\/td>\n<\/tr>\n<tr>\n<td style=\"width: 120px; text-align: left;\" width=\"139\">Conven\u00e7\u00e3o Coletiva<\/td>\n<td style=\"width: 120px; text-align: center;\" width=\"179\">01\/03\/2010 &#8211; 28\/02\/2011<\/td>\n<td style=\"width: 580px; text-align: left;\" width=\"348\"><a href=\"http:\/\/www.secpf.com.br\/convencoes\/2010\/010310a280211-comercio_atacadista-ext_base.pdf\" target=\"_blank\">COMERCIO ATACADISTA &#8211; EXTENS\u00c3O DE BASE<\/a><\/td>\n<\/tr>\n<tr>\n<td style=\"width: 120px; text-align: left;\" width=\"139\">Conven\u00e7\u00e3o Coletiva<\/td>\n<td style=\"width: 120px; text-align: center;\" width=\"179\">01\/04\/2010 &#8211; 31\/03\/2011<\/td>\n<td style=\"width: 580px; text-align: left;\" width=\"348\"><a href=\"http:\/\/www.secpf.com.br\/convencoes\/2010\/010410a310311-comercio_varejista_farmacias.pdf\" target=\"_blank\">COMERCIO VAREJISTA DE FARMACIAS<\/a><\/td>\n<\/tr>\n<\/tbody>\n<\/table>\n","protected":false},"excerpt":{"rendered":"<p>Conven\u00e7\u00f5es Coletivas Vig\u00eancia no ano de 2010 &nbsp; Instrumento Vig\u00eancia Empregador Acordo Coletivo 01\/04\/2009 &#8211; 31\/03\/2010 COMPANHIA ZAFFARI Conven\u00e7\u00e3o Coletiva<\/p>\n","protected":false},"author":1,"featured_media":0,"parent":219,"menu_order":4,"comment_status":"closed","ping_status":"closed","template":"","meta":{"colormag_page_container_layout":"default_layout","colormag_page_sidebar_layout":"default_layout","footnotes":""},"class_list":["post-351","page","type-page","status-publish","hentry"],"_links":{"self":[{"href":"https:\/\/www.secpf.com.br\/site\/wp-json\/wp\/v2\/pages\/351","targetHints":{"allow":["GET"]}}],"collection":[{"href":"https:\/\/www.secpf.com.br\/site\/wp-json\/wp\/v2\/pages"}],"about":[{"href":"https:\/\/www.secpf.com.br\/site\/wp-json\/wp\/v2\/types\/page"}],"author":[{"embeddable":true,"href":"https:\/\/www.secpf.com.br\/site\/wp-json\/wp\/v2\/users\/1"}],"replies":[{"embeddable":true,"href":"https:\/\/www.secpf.com.br\/site\/wp-json\/wp\/v2\/comments?post=351"}],"version-history":[{"count":6,"href":"https:\/\/www.secpf.com.br\/site\/wp-json\/wp\/v2\/pages\/351\/revisions"}],"predecessor-version":[{"id":603,"href":"https:\/\/www.secpf.com.br\/site\/wp-json\/wp\/v2\/pages\/351\/revisions\/603"}],"up":[{"embeddable":true,"href":"https:\/\/www.secpf.com.br\/site\/wp-json\/wp\/v2\/pages\/219"}],"wp:attachment":[{"href":"https:\/\/www.secpf.com.br\/site\/wp-json\/wp\/v2\/media?parent=351"}],"curies":[{"name":"wp","href":"https:\/\/api.w.org\/{rel}","templated":true}]}}

Convenções Coletivas  2010

<h2></h2>
<h2>Convenções Coletivas</h2>
<h3><span style="color: #993300;">Vigência no ano de 2010</span></h3>
<p>&nbsp;</p>
<table border="0" width="890" cellspacing="15" cellpadding="8">
<tbody>
<tr style="background-color: #a61717;">
<td style="width: 120px;" width="139"><span style="color: #ffffff;"><strong>Instrumento</strong></span></td>
<td style="width: 120px; text-align: center;" width="179"><span style="color: #ffffff;"><strong>Vigência</strong></span></td>
<td style="width: 580px;" width="348"><span style="color: #ffffff;"><strong>Empregador</strong></span></td>
</tr>
<tr>
<td style="width: 120px; text-align: left;" width="139">Acordo Coletivo</td>
<td style="width: 120px; text-align: center;" width="179">01/04/2009 &#8211; 31/03/2010</td>
<td style="width: 580px; text-align: left;" width="348"><a href="http://www.secpf.com.br/convencoes/2010/010409a310310-companhia_zaffari-pf.pdf" target="_blank">COMPANHIA ZAFFARI</a></td>
</tr>
<tr>
<td style="width: 120px; text-align: left;" width="139">Convenção Coletiva</td>
<td style="width: 120px; text-align: center;" width="179">01/04/2010 &#8211; 31/03/2011</td>
<td style="width: 580px; text-align: left;" width="348"><a href="http://www.secpf.com.br/convencoes/2010/010410a310311-comercio_varejista.pdf" target="_blank">COMERCIO VAREJISTA</a></td>
</tr>
<tr>
<td style="width: 120px; text-align: left;" width="139">Convenção Coletiva</td>
<td style="width: 120px; text-align: center;" width="179">01/04/2009 &#8211; 31/03/2010</td>
<td style="width: 580px; text-align: left;" width="348"><a href="http://www.secpf.com.br/convencoes/2010/010409a310310-comercio_varejista_farmacias.pdf" target="_blank">COMERCIO VAREJISTA DE FARMACIAS</a></td>
</tr>
<tr>
<td style="width: 120px; text-align: left;" width="139">Convenção Coletiva</td>
<td style="width: 120px; text-align: center;" width="179">01/04/2010 &#8211; 31/03/2011</td>
<td style="width: 580px; text-align: left;" width="348"><a href="http://www.secpf.com.br/convencoes/2010/010410a310311-concessionarios_veiculos.pdf" target="_blank">CONCESSIONARIOS E DISTRIBUIDORES DE VEICULOS</a></td>
</tr>
<tr>
<td style="width: 120px; text-align: left;" width="139">Convenção Coletiva</td>
<td style="width: 120px; text-align: center;" width="179">01/06/2010 &#8211; 31/05/2011</td>
<td style="width: 580px; text-align: left;" width="348"><a href="http://www.secpf.com.br/convencoes/2010/010610a310511-comercio_varejista_veiculos_pecas-ext_base.pdf" target="_blank">COMERCIO VAREJISTA DE VEICULOS E PECAS &#8211; EXTENSÃO DE BASE</a></td>
</tr>
<tr>
<td style="width: 120px; text-align: left;" width="139">Acordo Coletivo</td>
<td style="width: 120px; text-align: center;" width="179">01/04/2010 &#8211; 31/03/2011</td>
<td style="width: 580px; text-align: left;" width="348"><a href="http://www.secpf.com.br/convencoes/2010/010410a310311-companhia_zaffari-pf.pdf" target="_blank">COMPANHIA ZAFFARI</a></td>
</tr>
<tr>
<td style="width: 120px; text-align: left;" width="139">Convenção Coletiva</td>
<td style="width: 120px; text-align: center;" width="179">01/03/2010 &#8211; 28/02/2011</td>
<td style="width: 580px; text-align: left;" width="348"><a href="http://www.secpf.com.br/convencoes/2010/010310a280211-comercio_varejista_generos_alimenticios-ext_base.pdf" target="_blank">COMERCIO VAREJISTA DE GENEROS ALIMENTICIOS &#8211; EXTENSÃO DE BASE</a></td>
</tr>
<tr>
<td style="width: 120px; text-align: left;" width="139">Convenção Coletiva</td>
<td style="width: 120px; text-align: center;" width="179">01/03/2010 &#8211; 28/02/2011</td>
<td style="width: 580px; text-align: left;" width="348"><a href="http://www.secpf.com.br/convencoes/2010/010310a280211-comercio_atacadista_alimentos_bebidas-ext_base.pdf" target="_blank">COMERCIO ATACADISTA DE ALIMENTOS E BEBIDAS &#8211; EXTENSÃO DE BASE</a></td>
</tr>
<tr>
<td style="width: 120px; text-align: left;" width="139">Convenção Coletiva</td>
<td style="width: 120px; text-align: center;" width="179">01/03/2010 &#8211; 28/02/2011</td>
<td style="width: 580px; text-align: left;" width="348"><a href="http://www.secpf.com.br/convencoes/2010/010310a280211-comercio_atacadista-ext_base.pdf" target="_blank">COMERCIO ATACADISTA &#8211; EXTENSÃO DE BASE</a></td>
</tr>
<tr>
<td style="width: 120px; text-align: left;" width="139">Convenção Coletiva</td>
<td style="width: 120px; text-align: center;" width="179">01/04/2010 &#8211; 31/03/2011</td>
<td style="width: 580px; text-align: left;" width="348"><a href="http://www.secpf.com.br/convencoes/2010/010410a310311-comercio_varejista_farmacias.pdf" target="_blank">COMERCIO VAREJISTA DE FARMACIAS</a></td>
</tr>
</tbody>
</table>

<p>Convenções Coletivas Vigência no ano de 2010 &nbsp; Instrumento Vigência Empregador Acordo Coletivo 01/04/2009 &#8211; 31/03/2010 COMPANHIA ZAFFARI Convenção Coletiva</p>
